5) a prime number?
True
Suppose 6*n = 36*n - 593370. Suppose 7257 = 18*q - n. Is q a composite number?
True
Suppose 2*o + o - 21 = -2*m, 100 = 5*m - 2*o. Let j be 57614/18 + 4/m - -2. Suppose -5*n + 2042 = -j. Is n prime?
True
Suppose 0 = 2*c + 5*b - 190, 0 = -5*c + 2*c - b + 311. Suppose 4*r + 176 = 4*f, -3*r + 9 = 3*f - c. Suppose -36*y - 5035 = -f*y. Is y a composite number?
True
Suppose -2*n = -4*n. Suppose n = -3*l - 4*c + 2755, -2*l + 1329 = -3*c - 502. Suppose -7*w = -14*w + l. Is w a composite number?
False
Suppose 3*a + 33 = 4*q, q + q - 27 = 5*a. Suppose q*d - 7*d = -5*b + 12511, 2*b = 2*d + 4998. Is b a composite number?
False
Suppose -7*g + 3*g + 14640 = -5*i, -4*g + 14624 = -i. Suppose 5*j - g = 11310. Is j a prime number?
False
Let o be ((-6)/4)/((-72)/96). Suppose j - k - 518 = 40, -o*k = -6. Let r = j + -74. Is r composite?
False
Let j = 29 - 29. Suppose -3*r - 3*q + 5 = 2*r, j = r - q - 9. Suppose 0 = r*g - 1874 + 366. Is g a prime number?
False
Suppose 4*t - m = 142907, 3*t + 2*m - 79277 - 27895 = 0. Suppose -1445*n = -1443*n - t. Is n a composite number?
False
Let z(j) = j**3 - 14*j**2 + 18*j + 75. Let p be z(12). Suppose -5*c + 2*w + 42989 = 0, 0 = p*c + 22*w - 21*w - 25789. Is c a composite number?
False
Is (118225590/(-480))/((-3)/12) + 1/(-4) prime?
True
Suppose 357*w - 185*w = 190*w - 2273526. Is w composite?
False
Let u(y) = -24 + 29*y**2 + 10 - y**2 + 10*y + 10*y. Is u(6) a prime number?
False
Let a be ((-2)/(-7) + (-4)/112)*4. Let q(i) = 12*i**2 - i + 1. Let u be q(a). Is 1249/3 + u/(-9) a prime number?
False
Let y(a) = 32*a - 60. Let b be y(-33). Let l = 2873 - b. Is l a composite number?
False
Let g(m) = 6*m - 14*m - 12*m - 24*m - 2 + 4*m**2. Is g(18) a composite number?
True
Suppose -46*p - 3003 = -39*p. Let z = 1982 - p. Is z prime?
True
Let u be (-3)/(9/6)*(-50)/20. Suppose 3*t = -3*v + 4770, -1580 = -t + 4*v - 3*v. Suppose 0 = u*l - t - 860. Is l a composite number?
True
Suppose -z + 2 = 3*g - 1, 5*g - z + 3 = 0. Suppose 20*h - 23*h + 1623 = g. Is h prime?
True
Suppose -107*l + 104*l - c = -574740, 5*l - 957893 = -4*c. Is l a prime number?
False
Suppose 81557 = 21*a - 28*a. Let b = 13238 - a. Is b a prime number?
True
Let r(h) = 7147*h - 673. Is r(32) a composite number?
True
Suppose 26580 = 5*v - 819955. Is v a composite number?
False
Suppose n + 2052 = 7*n. Suppose -n = -v + 5017. Is v prime?
False
Suppose 0 = -17*d + 49 + 36. Suppose 4*p = c - 3927, 2*c - 7902 = p - d*p. Is c prime?
True
Let v(l) = 1489*l**3 - l**2 - 6*l - 13. Is v(3) a composite number?
False
Is (8 + 1959986/(-56))*1*-4 a prime number?
True
Let i(m) = -166*m - 1207. Is i(-26) a composite number?
False
Suppose c - 10*r + 6*r = 316, -4*c - 2*r + 1336 = 0. Let i be (-5)/(12/(-9) - -1). Let q = i + c. Is q a composite number?
False
Let h = 0 + 5. Let q be h - (9 + (-2 - 3)). Is -8 + 3 - (q + -155) a prime number?
True
Let w(m) = m**2 - 8*m + 10. Let a = 20 + -13. Let z be w(a). Let d(t) = 5*t**3 - 3*t**2 + 2*t - 5. Is d(z) a prime number?
True
Let v = 10 - 8. Suppose 9 = -s + 3*w, 0 = -5*s + 3*s - v*w + 6. Suppose 4*u = -s*n - 5*n + 2668, -u + 2*n + 667 = 0. Is u a composite number?
True
Let c be 7 - (1 + 0)*2. Suppose -4*q + 4 + 8 = 0. Suppose c*d - 984 - 919 = -3*p, q*d - 2530 = -4*p. Is p a prime number?
True
Suppose -5*r - 1570 = -5860. Suppose -4*d - 5*j = -1991, -r = -2*d - 2*j + 138. Is d a prime number?
True
Let w(y) = -y**3 + y**2 + y + 2. Let n be w(0). Is (2/4*1028)/n prime?
True
Suppose 35*a + 170710 - 292716 = 636899. Is a prime?
True
Let k(d) = -25415*d - 160. Is k(-3) composite?
True
Let v(w) = 4051*w + 671. Is v(26) a composite number?
False
Suppose -54*l - 4330944 + 19473011 = 13*l. Is l composite?
False
Let u(k) = 388*k**2 + 27*k - 118. Is u(3) a composite number?
True
Let m = 419135 - 297922. Is m composite?
True
Suppose -2*a + 0*a = -8. Let y(z) = 6 - z**3 + a*z**2 + 2 + 6*z + 6. Is y(-5) composite?
True
Let o = 9469 + -17450. Let x = o - -11668. Is x composite?
True
Let x = -12116 - -71052. Suppose -x = -6*o + 33590. Is o composite?
True
Suppose -2 = -n - 3*c, 2*n + 3*n + 5*c = 10. Suppose 167 = 5*y + n*g, -2*y + 32 + 18 = 5*g. Suppose 5*t - y = 555. Is t prime?
False
Let z(n) = 580*n**2 + 32*n - 181. Is z(12) a composite number?
True
Suppose -5*s - r = -46, 4*r - 3*r = 5*s - 44. Is (-8)/24 - (-6006)/s a composite number?
True
Let a(i) = 13662*i**2 + 28*i + 55. Is a(-2) a prime number?
True
Suppose -5*s + 65553 = 4*h, 4*s = -s + 3*h + 65539. Suppose -4*r - 4*u + u = -s, 5*r + 4*u - 16385 = 0. Is r prime?
False
Let h(q) be the second derivative of 17*q**4/6 - 13*q**3/6 + 17*q**2/2 + 3606*q. Suppose 7*s + 50 = 2*s. Is h(s) a composite number?
False
Suppose 10*x - 7*x - 3*o = 88173, 0 = -x - 4*o + 29401. Let l = x - 16734. Is l a prime number?
True
Let t be 586890/36*8/10. Let r = t + -7439. Is r a composite number?
True
Let r be (-1)/(1/2) + (2 - -1015). Suppose 146 = 9*o - r. Is o composite?
True
Let n(t) = -2*t**3 - 4*t**2 + 15*t + 66013. Is n(0) a prime number?
False
Suppose -s + 6698 = -m + 26706, 4*m + 5*s = 80068. Suppose -m = -6*l + 2302. Is l prime?
True
Let x = 52 + -40. Suppose -4*v = 0, 0*w = -2*w - 4*v - x. Let d(l) = 2*l**2 + 7*l + 1. Is d(w) composite?
False
Let x be (-4650 + -17)/((-1)/3). Let v = -9302 + x. Is v composite?
True
Let v(p) = p**2 - 9*p - 18. Let b be v(10). Let n(d) = 444*d**2 - 11*d + 1. Is n(b) prime?
False
Let p be (-33)/4 + (-1)/12*9. Is (p/12)/(48/(-299456)) composite?
False
Let r = 2807 - -1182. Is r a prime number?
True
Suppose -990506 = -43*a + 81785. Is a composite?
True
Let g(n) = -n**2 + 10*n - 20. Let s = 24 - 19. Let c be g(s). Suppose -11*h + 762 = -c*h. Is h composite?
False
Let m(q) = 2*q**2 + 8*q + 29. Suppose 2*d + 21 = -5*k, d + 2*k = 3*k + 7. Suppose -d*a = -4 + 16. Is m(a) composite?
False
Let q = -65 - -69. Let g = 1628 - 1027. Is (q - g)*1/(-3) prime?
True
Let b(w) = -13179*w + 4687. Is b(-6) a prime number?
True
Suppose 2*p = 2*q + 36036, -p = 4*p + 4*q - 90045. Is p a prime number?
True
Suppose 4*k + 9 = g + k, 5*k = -15. Suppose z = -5*v - 3*z - 96, -3*v + 4*z - 32 = g. Is -10495*(-15 - v - 12/10) composite?
False
Let t(x) = -1375*x - 70. Let k(y) = y**3 + 6*y**2 - 2*y + 30. Let v be k(-7). Is t(v) composite?
True
Let i = -3378 + 11113. Suppose 3*p - 23003 = -2*h, -h + 3756 = -2*p - i. Is h prime?
True
Let f be 10 - (-9 + (-55)/(-11)). Let b(n) = -1 - 6 - 7*n + 0 + 2 - n**3 + 20*n**2. Is b(f) a prime number?
False
Let v(c) = -546*c - 205. Is v(-32) a prime number?
False
Suppose f + 135394 = -y + 394380, 0 = -3*y + 21. Is f prime?
False
Is ((-67155887)/(-1991))/(((-3)/33)/(-1)) composite?
False
Let g = 202843 - -49236. Is g prime?
True
Let f = 69467 + -7618. Is f composite?
True
Let w = -34 + 44. Let s be (4/w)/(7/35). Suppose -504 + 122 = -s*l. Is l prime?
True
Is (-672)/(-40) + -17 - ((-1521414)/15)/3 prime?
True
Let p(o) be the second derivative of 41*o**6/360 + 7*o**5/40 + 3*o**4/4 - 37*o. Let t(f) be the third derivative of p(f). Is t(26) composite?
False
Suppose 5*n + 3*a - 28634 = 7*a, 4*n - 22940 = -5*a. Suppose -2*p + 162 = -n. Suppose -5*o + 11*o = p. Is o composite?
False
Let b(k) = 9*k**3 - 15*k**2 + 30*k - 4. Let o be b(2). Suppose -73*f + 41765 = -o*f. Is f a prime number?
True
Let q(p) = -8*p - 11. Let s be q(-3). Let f(k) = -k + 20. Let y be f(s). Suppose 0 = l - 5*u + y - 112, -3*l + 251 = u. Is l a prime number?
False
Let i(r) = -r**3 + 11*r**2 - 20*r + 20. Let q be i(9). Suppose -2*w + 11118 = t, t + 22248 = q*w + 2*w. Is w prime?
False
Let v(y) = y**2 - 29*y + 154. Let z be v(7). Suppose 0*r + 12 = 2*r. Suppose z = r*l + l - 6979. Is l prime?
True
Let u(h) = -h**2 - 13*h - 39. Let i be u(-3). Let m be (17338 - -3) + i/((-9)/(-4)). Suppose 0 = -56*g + 53*g + m. Is g prime?
True
Let t be (-6 + (-1002)/12)*-26. Is (-40)/(-16 - -6) + (t - -2) a composite number?
False
Suppose 11*d - 21 - 23 = 0. Suppose -d*v = -5633 - 2103. Is v prime?
False
Suppose -5*i = x + x - 21, 3*x + 2*i = 15. Suppose 3*m - x*w = 36702, -3*m + 13*w + 36708 = 16*w. Is m composite?
True
Suppose 3*x = -5*c - x + 3, -3*c + 1 = 2*x. Let k be (-276)/8*c*30/9. Is k/10*(21 + 1) prime?
False
Let w = 48751 + -7425. Is w prime?
False
Let q(x) = -1695*x**3 + 2*x**2 - 2*x - 74. Is q(-9) pri